-z - 4*z - m + 74. Does 13 divide z?
False
Let b(a) = 0*a**2 + 4*a**2 - 3*a**2 - a. Is b(-3) a multiple of 6?
True
Let r(l) = 3*l - 1. Let z be r(1). Let g be 4/(-8)*(-6 + z). Suppose 5*o - 170 = -5*b, g*o + 2*o + 56 = 2*b. Does 16 divide b?
True
Suppose 0 = -0*f + 2*f - 6. Let y be (-6)/(-4)*(-20)/(-5). Suppose -f*n + 0 + y = 0. Is n even?
True
Let w(z) be the second derivative of z**4/12 - 2*z**3/3 - z**2/2 + 5*z. Let a(q) = 3*q**2 - 3*q + 1. Let f be a(2). Is w(f) a multiple of 10?
True
Let j be (1/(-3))/(5/(-45)). Let l(s) = -4 + 3 - s + j - s**3. Does 14 divide l(-3)?
False
Suppose n - 8 = 5*r - 0*n, 2 = -4*r + 3*n. Let k be 462/(-8) + r/8. Let m = -26 - k. Does 17 divide m?
False
Let s be (0 + 0)/(8 + -6). Let q = -23 + 5. Let r = s - q. Is 18 a factor of r?
True
Does 8 divide (-6)/33 + 1440/55?
False
Suppose -6*f + 11*f - 115 = 0. Is 10 a factor of f?
False
Let h(u) = -u**2 - 14*u + 12. Let v be 0 + (-11)/((-11)/(-12)). Does 9 divide h(v)?
True
Let b be (-12)/9*6/(-4). Is 17 a factor of b*(-3)/12*-34?
True
Let s(v) = -v**2 - 19*v + 1. Suppose 0 = 2*d + 9 + 17. Let p be s(d). Let l = -55 + p. Is 8 a factor of l?
True
Let o(j) = -3*j**3 - j**2 + j - 1. Let p(d) = -d**2 - 5*d - 4. Let s be p(-4). Suppose -k + 2 - 4 = s. Is o(k) a multiple of 17?
True
Let s = -20 + -2. Is (-17 - s)*28/5 a multiple of 5?
False
Is (-230)/(-4)*18/5 a multiple of 50?
False
Let s = 180 - 90. Does 15 divide s?
True
Let o(g) = g**3 - 18*g**2 - 15*g + 14. Is 5 a factor of o(19)?
True
Let o = -50 + 82. Is o a multiple of 9?
False
Let d(k) = -2*k - 4. Let m be (-42)/(-4)*(-16)/(-12). Let p be 33/(-7) + (-4)/m. Is 6 a factor of d(p)?
True
Let r be (-1)/(-4) + (-453)/(-12). Let u = -22 + r. Is u a multiple of 11?
False
Is 90 + (0 - -1) - 3 a multiple of 42?
False
Let d(k) = -k**2 + 4*k + 8. Suppose -25 = -4*n - 1. Let x be d(n). Is (-4)/(-8) + (-54)/x a multiple of 7?
True
Let z be 1 + 0 - (-8 - 3). Suppose 2*r - z = -4*c + 34, 5*r - 4*c = 115. Suppose 0 = 4*k + 3 - r. Is 2 a factor of k?
False
Let w = 21 - 14. Let s(n) = -n**3 + 7*n**2 + 9*n + 2. Is s(w) a multiple of 25?
False
Suppose -2*l - g = -49, 0*l + 2*l - 47 = g. Is l a multiple of 12?
True
Let h(g) = g**2 - 9 + 0*g + 34 - g**3 + 0*g + g. Let s = 3 + -3. Is h(s) a multiple of 14?
False
Let o = 5 + -3. Is 19 a factor of 41 - 1/(2/o)?
False
Suppose n + 7 = 2*f + 2*f, 0 = -f + 5. Suppose 0*p + 2*c = 3*p - 12, -3*c - 13 = -2*p. Suppose 0 = -2*g + 2, -n = q - p*q + g. Is q a multiple of 7?
True
Does 5 divide (9/(-12) + 4)*4?
False
Suppose 229 + 179 = -4*s. Let h = 163 + s. Suppose 4*v + z = 119, v + v - z = h. Is 9 a factor of v?
False
Let c(j) = -3 - 6*j + 2 - j**2 + 6. Let l be c(-6). Does 6 divide 6/l*(14 - -1)?
True
Suppose 3*p - 57 = -3*n + 33, 5*p = 3*n - 82. Does 12 divide n?
False
Let l = 9 + -6. Suppose -l*k + 3*f - 33 = 42, 5*f - 21 = k. Let y = 39 + k. Is 8 a factor of y?
False
Suppose 72 = 2*r + 3*t - 336, -t + 1020 = 5*r. Is r a multiple of 17?
True
Is 7 a factor of (-1)/6 - (-1084)/24?
False
Suppose g - 6*g = 0. Suppose 2*n = -3*y + n + 113, g = -3*n - 3. Does 16 divide y?
False
Let d(r) = 7*r**2 - 28*r + 5. Is d(6) a multiple of 14?
False
Let n = 12 + -7. Suppose -n*j = -4*a + 18 + 4, 0 = -4*j + a - 22. Let u = j - -16. Is u a multiple of 7?
False
Suppose 42 = 2*q - 4*s, -5*s = -3*q - 4*s + 53. Suppose 65 - q = b. Does 18 divide (b/(-20))/((-2)/45)?
True
Suppose -427 = -7*f + 133. Does 59 divide f?
False
Let x(k) = k**3 + 12*k**2 - 15*k - 13. Does 71 divide x(-10)?
False
Suppose 3 - 1 = -y. Does 9 divide 31 + 0 + 8/y?
True
Let d = 4 + 41. Is 9 a factor of d?
True
Let z be ((-2)/(-4))/((-8)/(-64)). Suppose z*l - l = 6. Suppose -l*q + 40 = 5*s, -s - 100 = -5*q - 2*s. Is q a multiple of 14?
False
Let q(f) = -f**2 + 9*f - 2*f**2 + 4 - 4*f**3 + 3*f**3 - 6*f**2. Is q(-10) a multiple of 7?
True
Suppose -3*g + 8*g + 15 = -2*i, -20 = 4*i. Is 11 a factor of 3/(-6)*-68 + g?
True
Suppose 8*k - 408 = 7*k. Is 12 a factor of k?
True
Let y = 13 - 7. Suppose 2*s - 10 = y. Is 5 a factor of s?
False
Let q(p) = -p**3 - p + 3. Let u be q(0). Does 2 divide (u/6)/(2/32)?
True
Suppose -n + 4 + 2 = 5*u, 0 = -5*n - 2*u + 76. Does 16 divide n?
True
Suppose 8*l - 4*l = 28. Does 2 divide l?
False
Is 15 a factor of (14/4)/(2*(-3)/(-360))?
True
Suppose 0 = 4*d - 3*r - 15, -10 = -4*d - d - 5*r. Suppose -3*m + s = -8*m + 57, -31 = -d*m + s. Let z = 30 - m. Does 7 divide z?
False
Let r = 1 - -3. Suppose x = -2 + r. Suppose -x*s - 3 = -5*w - 84, 3*s - 112 = -2*w. Is s a multiple of 14?
False
Does 14 divide (-10)/3*(-819)/65?
True
Let p = -26 + 50. Is p a multiple of 3?
True
Let k be (-852)/16 + (-6)/8. Let r be (4/6)/(2/k). Does 6 divide (-12)/r + 34/3?
True
Suppose b - 66 = -2*r, -5*r = 4*b - 5*b - 151. Suppose 5*a - r = 14. Is a a multiple of 3?
True
Suppose -24 = -2*h - m, h - 2*m - 12 = -0*h. Does 9 divide h?
False
Let s(d) = -5*d**3 - 14*d**2 - 14*d - 6. Let o(t) = 2*t**3 + 5*t**2 + 5*t + 2. Let u(j) = -11*o(j) - 4*s(j). Is 13 a factor of u(-2)?
False
Suppose 0 = o - 3*o + 132. Does 22 divide o?
True
Suppose 2*n = 3*n - 3. Suppose -94 = -n*r + 56. Does 25 divide r?
True
Suppose -5*f + 138 = -4*f. Let h = f + -93. Does 18 divide h?
False
Let s(t) = t**2 - 6*t - 14. Is 2 a factor of s(8)?
True
Let t be (-7)/(-4) - 2/(-8). Does 17 divide t/((-31)/(-29) + -1)?
False
Let u(h) = -5*h - 7. Let p(d) = -5*d - 6. Let k(b) = 5*p(b) - 4*u(b). Let l be (12/(-15))/(4/30). Is 14 a factor of k(l)?
True
Suppose 13 + 55 = z + 4*l, -z - 5*l + 71 = 0. Is z a multiple of 4?
True
Suppose -5*x = -4*y + 79 - 23, 2*x = -4*y + 28. Does 9 divide y?
True
Suppose -2*l - 298 = -4*j - 0*l, 0 = 3*j - l - 223. Is j a multiple of 37?
True
Let v(t) = -32*t + 41. Let h(m) = 16*m - 20. Let s(u) = 7*h(u) + 3*v(u). Is 28 a factor of s(7)?
False
Let z be 1*(-1)/1*-102. Suppose z = 5*p - 2*p. Let q = -23 + p. Does 4 divide q?
False
Is 16 a factor of 3 + 10/(-5) - -95?
True
Is (87/(-9) + 3)*-6 a multiple of 10?
True
Suppose -8*n = -11*n + 108. Is n a multiple of 4?
True
Suppose -c + 16 = 3*c. Suppose c*o - 30 = 3*o. Suppose o = h + 8. Is 19 a factor of h?
False
Let q(w) = -w**2 - 12*w + 13. Let b be q(-9). Let r = b + -13. Is 9 a factor of r?
True
Let g be (-5*1)/(-1) + -1. Suppose 3*y - 4 = g*y. Is 12 a factor of (0 - -18)*y/(-6)?
True
Let x(j) = -j**3 + 3*j + 5*j**2 - 23 + 26 - 7*j. Is 3 a factor of x(4)?
True
Let t = 106 - 64. Does 11 divide t?
False
Let d = 1 - 1. Suppose d = 5*q - 81 - 149. Suppose 6*g + 123 = 5*j + 3*g, 2*j - q = 2*g. Is 8 a factor of j?
False
Let s(n) = 3*n**3 - 2*n**2 + 8. Does 24 divide s(2)?
True
Suppose 5*q + 5 = 0, 6*r - 3*r = -2*q + 7. Is 3 a factor of r/6*(-4 + 10)?
True
Suppose -t + 0 - 28 = 4*n, 20 = -4*n. Let u(h) = -15*h + 9. Let x be u(t). Suppose -33 = 2*j - x. Is 17 a factor of j?
False
Let u(c) = -10*c**3 + 2*c**2 - 2*c - 2. Does 30 divide u(-2)?
True
Let b(o) = -11*o + o**2 + 5 - 20*o + 19*o. Does 6 divide b(13)?
True
Let a = -144 + 168. Is 5 a factor of a?
False
Suppose 0 = 2*j - 5 - 39. Let t = -13 + j. Does 3 divide t?
True
Suppose 0 = -a - 21 + 97. Is 19 a factor of a?
True
Let g = -28 + 57. Suppose -5*l - 95 = -0*l + 4*j, 0 = 4*l - 3*j + 76. Let v = g + l. Is 6 a factor of v?
False
Suppose 0 = -z - 3*c - 6 - 3, 0 = -4*c - 16. Suppose -5*v + 25 + 65 = 5*o, 2*v - 41 = -z*o. Does 10 divide v?
False
Let w be (10/3)/((-3)/9). Let x = 18 + w. Is 8 a factor of x?
True
Let r be (-9)/(-2) + 36/(-24). Let k be 2*26/(-12)*-6. Suppose x - k = -5*j, 4*j + 7*x = r*x + 24. Is 4 a factor of j?
False
Let r = -8 + 4. Let w(t) = t**3 + 4*t**2 + 2*t - 4. Let y be w(r). Does 4 divide (-52)/y + 1/(-3)?
True
Suppose -2*c - 8 = 2*h, -5*h - 17 = 2*c - 0*c. Does 2 divide -12*-2*h/(-12)?
True
Is 3/(-7) - 345/(-21) a multiple of 4?
True
Let q(d) = 1 + 6*d**2 + 21*d**3 + 5*d + 4 + 6*d**3. Let f(s) = -81*s**3 - 17*s**2 - 14*s - 14. Let p(n) = 6*f(n) + 17*q(n). Does 14 divide p(-1)?
False
Suppose t + 4*x - 28 = -3*t, t = 4*x - 3. Suppose -d - 5 = 0, t*q + 2*d - 129 = -24. Does 23 divide q?
True
Let b(d) = -2 + 4*d - 5*d - d + 5. Is b(-4) a multiple of 5?
False
Let y(l) = 3*l - 6. Let n be y(4). Suppose -2*t = u + n, -5*u - 13 = 5*t + 7. Does 14 divide -1*(-1 - t)*-17?
False
Suppose -2*o + 40 = -3*l, 74 = -5*l - 3*o - o. Let k be (-8)/36 + l/18. Is 3 + 